 2)*-57.
17
Suppose -2*h + 11 = -5. Calculate the remainder when 58/8 + (-2)/h is divided by 3.
1
What is the remainder when 22 is divided by (-86)/(-7) + 4/(-14)?
10
Let w be 3/(-3) + (-30)/(-3). Let n = w - 6. Suppose -2*d + 53 = 3*d + b, -5*d + n*b = -41. What is the remainder when 29 is divided by d?
9
Suppose 2*d = -v + 4, v + 43 = 3*v - 3*d. What is the remainder when 1075/20 - 2/(-8) is divided by v?
12
Suppose 0 = 5*p + c - 89, -c + 53 = 2*p + p. Suppose -b + 46 = -p. What is the remainder when b is divided by ((-2)/5)/((-1)/55)?
20
Let o be 3/((-9)/3) + 1. Suppose -2*z = 4*b, -z - 3*b + o = 1. Suppose -x = -z*x + 1. Calculate the remainder when 2 is divided by x.
0
Suppose -7 = -4*t + 13. Suppose 4*m = 2*n - 0*n + 142, 0 = t*m + 4*n - 197. Let l(x) = 2*x**3 - x**2 + x - 1. Calculate the remainder when m is divided by l(2).
11
Suppose -2*j = -0*j + 4*i + 32, j = -4*i - 20. Suppose 11 - 32 = -3*x. What is the remainder when x is divided by (-22)/(-8) + (-3)/j?
1
Let a = 6 - 1. Let h(m) = -m. Let n be h(0). Suppose 0 = 4*q - 4*u - 56, 4*q + u + 3*u - 16 = n. What is the remainder when q is divided by a?
4
Let s be 69/9 - 2/(-6). Suppose -3*u = -v - 3, -4*v - u = -3*u - s. Suppose v*a = 5*g - 17, 2*g - a - 7 = -0. Calculate the remainder when 15 is divided by g.
3
Let c = -8 - -8. Let a(t) = t + 5. Let s = 0 + 3. Calculate the remainder when a(c) is divided by s.
2
Let g be 3*2/3 + 0. Suppose g*i + 27 = 5*i. Let b = -6 + 11. What is the remainder when i is divided by b?
4
Let y = 8 - 5. Let s be (-3)/(-1*3)*y. Suppose -i = -s*i + 8. What is the remainder when i is divided by 2?
0
Let l = -26 + 8. Let w = -10 - l. Let j = 78 - 48. Calculate the remainder when j is divided by w.
6
Suppose 3*c = 8*c + 180. Let f = 14 - c. Calculate the remainder when f is divided by 13.
11
Suppose 232 = 3*p + 34. Suppose -u = l + 3*u - 24, u = -4*l + p. Let a = l - 7. Calculate the remainder when 16 is divided by a.
7
Suppose 0 = -y - y + 42. Let g(p) = 11*p**3 + p**2 + p - 1. Let d(a) = a**2 - 4*a - 4. Let z be d(5). What is the remainder when y is divided by g(z)?
9
Suppose -4*k = -4*u - 120, 5*u + 0*u = k - 26. Let i be ((-4)/3)/(2/(-6)). Suppose 0 = -i*n, w = 4*n - 8 + k. Calculate the remainder when w is divided by 13.
10
Suppose h - 4*b + 15 = 0, 2*h + 5*b - 17 = 3*h. Let w = h + 21. What is the remainder when 53 is divided by w?
11
Suppose -8 = -2*x + m, -2*x + 4*m + 5 = -15. Suppose y + 2 = -y + 2*u, 0 = -4*y + x*u + 4. Calculate the remainder when y is divided by 1.
0
Suppose 2*f - 4*f = -162. Suppose 3*u - f = -3*m, u = 5*m + 2*u - 131. What is the remainder when (1*(-1 - -51))/1 is divided by m?
24
Let q(p) = -13*p - 2. Calculate the remainder when q(-3) is divided by 10.
7
Let k(m) = 7*m**2 - m - 5. Let x be k(5). Suppose 3*h + 2*h - x = 0. What is the remainder when h is divided by 9?
6
Suppose 0 = -2*k - 2*i - 6, 4*i = -4*k + i - 7. Suppose -2*f + 28 = k*f. What is the remainder when 26 is divided by f?
5
Suppose -4*z + 12 + 4 = 0. Suppose 0 = -3*s + 2*m + 16, 0*s + 3*s = -z*m - 14. Calculate the remainder when s is divided by (8/6 - 1)*3.
0
Suppose m + 3*o = o + 92, -5*m - 5*o = -435. Let t be m/(-7) + (-4)/14. Calculate the remainder when (1*6)/(t/(-66)) is divided by 17.
16
Suppose 2*z = m - 1, -z - 39 = 3*m - 7*m. Suppose -s + 5*a + 13 = 0, 3*s - 3*a = 2*s + 7. Calculate the remainder when (-2)/2 - (-29 + s) is divided by m.
8
Suppose 2*j - 4 = i - 29, 2*i = -j + 45. What is the remainder when 89 is divided by i?
20
What is the remainder when (-33)/22*(-892)/6 is divided by 14?
13
Let n = 67 + -40. Calculate the remainder when n is divided by 7.
6
What is the remainder when (-2)/(-1*5/30) is divided by 12?
0
Let u be 8/(-6)*(-6)/4. Let l = u + -3. Calculate the remainder when 14 is divided by 1/(7/(-8) - l).
6
Let b(d) = d + 12. Calculate the remainder when 102 is divided by b(9).
18
Let f(a) = -8*a + 1. Let o be f(1). Let x = 2 - o. What is the remainder when 26 is divided by x?
8
Let y = 6 - 4. Let q = y - 1. Suppose 2*j - 22 = 5*l, -l = q + 1. What is the remainder when 11 is divided by j?
5
Suppose -s + 2 = -51. Let j(k) be the second derivative of k**5/20 + 5*k**4/12 - 4*k**3/3 + k**2 + 2*k. Calculate the remainder when s is divided by j(-6).
11
Let a(y) = -3*y - 3. Let u(c) = 9*c + 8. Let g(b) = 17*a(b) + 6*u(b). What is the remainder when 25 is divided by g(4)?
7
Let o = 149 + -132. Calculate the remainder when 48 is divided by o.
14
Suppose -5*t - 7 = -72. Let a(d) = -d**3 - 11*d**2 - 12*d + 4. Calculate the remainder when a(-10) is divided by t.
11
Let w = 37 - 32. Calculate the remainder when 12 is divided by w.
2
Suppose -6*g - 54 = -7*g. What is the remainder when g is divided by 14?
12
Let c(s) = -4*s + 3. Calculate the remainder when 25 is divided by c(-3).
10
Suppose -2*k = -4, 2*f + 4*k = -f + 29. Let r(m) = m**3 - 6*m**2 - 6*m + 4. What is the remainder when r(7) is divided by f?
4
Let h = -93 - -66. Let i = h - -39. Suppose -4*g = 4*n - 14 - 130, -5*g + 166 = -2*n. What is the remainder when g is divided by i?
10
Let p be 6/(-15) - (-164)/10. Let q = 4 + p. What is the remainder when 58 is divided by q?
18
Let w = 31 - 24. Suppose 5*f - 65 = -d, -f + 7*d = 3*d - 13. Calculate the remainder when f is divided by w.
6
Suppose 0 = -6*j + 2*j + 8, j = -4*b + 18. Calculate the remainder when 7 is divided by b.
3
Calculate the remainder when 1/(-5) - 132/(-10) is divided by 5.
3
Let z = -35 + 59. Let l(n) = 13*n + 2. Let k(r) = 26*r + 5. Let p(v) = -2*k(v) + 5*l(v). What is the remainder when z is divided by p(1)?
11
Let i = 3 + -3. Suppose 8 = g - 3*s, i = -g + 3*g + 3*s - 16. Let q = 38 - 23. What is the remainder when q is divided by g?
7
Let c(d) = d**2 + 4*d - 19. Calculate the remainder when c(7) is divided by 15.
13
Suppose -2*y - y = -9, 3*y = 5*i - 126. Suppose -i = -4*p + 169. Calculate the remainder when p is divided by 17.
15
Let v = 43 - 19. What is the remainder when 45 is divided by v?
21
Let m(y) = -y**2 - 8*y + 3. Let q be 6*(0 - -2) + 2. Suppose 2*n + q = -0*n. What is the remainder when 19 is divided by m(n)?
9
Suppose 190*c + 440 = 201*c. Suppose 172 = 2*a + 2*a. Suppose a = 5*j - 27. What is the remainder when c is divided by j?
12
Suppose 2*r - 127 = 5*u, 0*u - 5*u - 51 = -r. Calculate the remainder when r is divided by 27.
22
Suppose -b + 1 = -2. Let v(k) = k + 1. Let n(m) = 7*m**2 - 1. Let i be n(1). What is the remainder when v(i) is divided by b?
1
Suppose -4*q = -53 - 67. Let i(j) = 8*j + 1. Calculate the remainder when q is divided by i(2).
13
Suppose -2*q = h - 5 - 0, -2*h = -2*q + 8. Suppose 11 = 4*g + 2*f - 97, 0 = -q*g + 3*f + 72. Calculate the remainder when g is divided by 14.
12
Suppose -3*i - 2*b + 1 = 2*b, 2*b = i - 7. What is the remainder when 15*1 + (i - 2) is divided by 9?
7
Suppose -1 - 11 = -l. Let w = -30 + l. Let x = w - -32. What is the remainder when 25 is divided by x?
11
Let d(l) = l**2 - 6*l + 11. Suppose 2*f - 6 = -5*n, 2*f + 6*n - 3*n = 10. Calculate the remainder when d(f) is divided by 10.
7
Let x(c) = -c**2 + 19*c + 15. What is the remainder when x(15) is divided by 19?
18
Let v be 12/5 + (-6)/15. Suppose v*u + 3*u = 10. Suppose 6*s - 48 = u*s. What is the remainder when 46 is divided by s?
10
Suppose 8*t - 91 = 45. Suppose 4*o = 0, 4*h - 5*o - 10 = 3*h. Calculate the remainder when t is divided by h.
7
Let p(w) = w**2 - w. Let f(b) = b**2 + 5*b + 6. Let c be f(-5). Suppose 2*d + c*n - 2*n = 16, 0 = -3*n + 6. Calculate the remainder when 47 is divided by p(d).
11
Let g = 54 - -25. What is the remainder when g is divided by 20?
19
Let m(o) = -92 + 9*o - o**3 + 96 + 0*o**2 + 7*o**2. Calculate the remainder when 47 is divided by m(8).
11
Suppose 3*d = 2*w - 2*d + 25, 0 = -4*w + 4*d - 20. Suppose -o + 6 = -w*o. What is the remainder when 22 is divided by o?
4
Let x(q) = -q**2 + 6*q - 19. Let c(b) = b**2 - 4*b + 13. Let a(j) = 7*c(j) + 5*x(j). What is the remainder when 38 is divided by a(3)?
18
Let s(g) = -3*g**3 - 2*g**2 + 1. Let w be s(1). What is the remainder when 10 is divided by 1*(-2)/w*6?
1
Suppose 4*b - 46 - 30 = 0. Suppose 0 = -3*u + 68 + b. What is the remainder when u is divided by 10?
9
Let s(p) = -5*p - 1. Let x be s(1). What is the remainder when x/(-3) + 108/